{"id":51,"date":"2026-01-17T14:09:35","date_gmt":"2026-01-17T14:09:35","guid":{"rendered":"https:\/\/www.dreams6.de\/?page_id=51"},"modified":"2026-03-27T20:08:11","modified_gmt":"2026-03-27T20:08:11","slug":"impressum","status":"publish","type":"page","link":"https:\/\/www.nz-winzeln.de\/index.php\/impressum\/","title":{"rendered":"Impressum"},"content":{"rendered":"\t\t<div data-elementor-type=\"wp-page\" data-elementor-id=\"51\" class=\"elementor elementor-51\">\n\t\t\t\t<div class=\"elementor-element elementor-element-fd1f92c e-flex e-con-boxed e-con e-parent\" data-id=\"fd1f92c\" data-element_type=\"container\" data-e-type=\"container\">\n\t\t\t\t\t<div class=\"e-con-inner\">\n\t\t\t\t<div class=\"elementor-element elementor-element-9a38bfe elementor-widget elementor-widget-text-editor\" data-id=\"9a38bfe\" data-element_type=\"widget\" data-e-type=\"widget\" data-widget_type=\"text-editor.default\">\n\t\t\t\t\t\t\t\t\t<p data-start=\"205\" data-end=\"293\"><strong data-start=\"205\" data-end=\"234\">Narrenzunft Winzeln e.\u202fV.<\/strong><br data-start=\"234\" data-end=\"237\" \/>Hochkreuzstra\u00dfe 8<br data-start=\"254\" data-end=\"257\" \/>78737 Fluorn-Winzeln<br data-start=\"277\" data-end=\"280\" \/>Deutschland\u00a0<\/p><p data-start=\"295\" data-end=\"373\"><strong data-start=\"295\" data-end=\"306\">E-Mail:<\/strong> <a class=\"decorated-link cursor-pointer\" rel=\"noopener\" data-start=\"307\" data-end=\"325\">info@nz-winzeln.de<\/a><br data-start=\"325\" data-end=\"328\" \/><strong data-start=\"328\" data-end=\"348\">E-Mail Vorstand:<\/strong> <a class=\"decorated-link cursor-pointer\" rel=\"noopener\" data-start=\"349\" data-end=\"371\">vorstand@nz-winzeln.de<\/a><\/p><p data-start=\"375\" data-end=\"465\"><strong data-start=\"375\" data-end=\"412\">Vertretungsberechtigter Vorstand:<\/strong><br data-start=\"412\" data-end=\"415\" \/>Pascal Reich<br data-start=\"427\" data-end=\"430\" \/>[ggf. weiteren Vorstand erg\u00e4nzen]<\/p><p data-start=\"467\" data-end=\"591\"><strong data-start=\"467\" data-end=\"487\">Registereintrag:<\/strong><br data-start=\"487\" data-end=\"490\" \/>Eingetragen im Vereinsregister<br data-start=\"520\" data-end=\"523\" \/>Registergericht: Amtsgericht Stuttgart<br data-start=\"561\" data-end=\"564\" \/>Registernummer: VR 480194<\/p><p data-start=\"593\" data-end=\"686\"><strong data-start=\"593\" data-end=\"650\">Verantwortlich f\u00fcr den Inhalt gem\u00e4\u00df \u00a7 55 Abs. 2 RStV:<\/strong><br data-start=\"650\" data-end=\"653\" \/>Pascal Reich<br data-start=\"665\" data-end=\"668\" \/>Adresse wie oben<\/p>\t\t\t\t\t\t\t\t<\/div>\n\t\t\t\t\t<\/div>\n\t\t\t\t<\/div>\n\t\t\t\t<\/div>\n\t\t","protected":false},"excerpt":{"rendered":"<p>Narrenzunft Winzeln e.\u202fV.Hochkreuzstra\u00dfe 878737 Fluorn-WinzelnDeutschland\u00a0 E-Mail: info@nz-winzeln.deE-Mail Vorstand: vorstand@nz-winzeln.de Vertretungsberechtigter Vorstand:Pascal Reich[ggf. weiteren Vorstand erg\u00e4nzen] Registereintrag:Eingetragen im VereinsregisterRegistergericht: Amtsgericht StuttgartRegisternummer: VR 480194 Verantwortlich f\u00fcr den Inhalt gem\u00e4\u00df \u00a7 55 Abs. 2 RStV:Pascal ReichAdresse wie oben<\/p>\n","protected":false},"author":1,"featured_media":0,"parent":0,"menu_order":0,"comment_status":"closed","ping_status":"closed","template":"","meta":{"footnotes":""},"class_list":["post-51","page","type-page","status-publish","hentry"],"blocksy_meta":[],"_links":{"self":[{"href":"https:\/\/www.nz-winzeln.de\/index.php\/wp-json\/wp\/v2\/pages\/51","targetHints":{"allow":["GET"]}}],"collection":[{"href":"https:\/\/www.nz-winzeln.de\/index.php\/wp-json\/wp\/v2\/pages"}],"about":[{"href":"https:\/\/www.nz-winzeln.de\/index.php\/wp-json\/wp\/v2\/types\/page"}],"author":[{"embeddable":true,"href":"https:\/\/www.nz-winzeln.de\/index.php\/wp-json\/wp\/v2\/users\/1"}],"replies":[{"embeddable":true,"href":"https:\/\/www.nz-winzeln.de\/index.php\/wp-json\/wp\/v2\/comments?post=51"}],"version-history":[{"count":10,"href":"https:\/\/www.nz-winzeln.de\/index.php\/wp-json\/wp\/v2\/pages\/51\/revisions"}],"predecessor-version":[{"id":315,"href":"https:\/\/www.nz-winzeln.de\/index.php\/wp-json\/wp\/v2\/pages\/51\/revisions\/315"}],"wp:attachment":[{"href":"https:\/\/www.nz-winzeln.de\/index.php\/wp-json\/wp\/v2\/media?parent=51"}],"curies":[{"name":"wp","href":"https:\/\/api.w.org\/{rel}","templated":true}]}}